{"id":18,"date":"2019-02-11T13:43:11","date_gmt":"2019-02-11T13:43:11","guid":{"rendered":"http:\/\/new.specialeimoveis.com.br\/?page_id=18"},"modified":"2022-03-23T18:17:13","modified_gmt":"2022-03-23T15:17:13","slug":"empresas","status":"publish","type":"page","link":"https:\/\/specialeimoveis.com.br\/index.php\/empresas\/","title":{"rendered":"EMPRESA"},"content":{"rendered":"<section class=\"wpb-content-wrapper\"><p>[vc_row][vc_column][vc_column_text]<\/p>\n<h4>Sobre a Speciale<\/h4>\n<p><strong>Speciale Condom\u00ednios,<\/strong> uma empresa idealizada para atender a necessidade do mercado condominial, de forma transparente e com a m\u00e1xima seguran\u00e7a, atrav\u00e9s de uma evolu\u00e7\u00e3o continua de nossos produtos, servi\u00e7os e colaboradores, formou-se uma organiza\u00e7\u00e3o altamente competitiva e comprometida com o desenvolvimento de compet\u00eancias e qualidade, gerando um atendimento personalizado e um sistema de apoio total ao sindico e seus cond\u00f4minos.<\/p>\n<p><strong>A Speciale Condom\u00ednios<\/strong> busca atrav\u00e9s de seus servi\u00e7os, atender \u00e0s necessidades dos clientes. Investindo constantemente na inova\u00e7\u00e3o de produtos e servi\u00e7os que atendam a nossos clientes e colaboradores de maneira a obter sua lealdade e prefer\u00eancia.<\/p>\n<p>Idealizada e gerenciada por profissionais com forma\u00e7\u00e3o em Administra\u00e7\u00e3o de Empresas e Direito, envolvidos com o processo e gera\u00e7\u00e3o de valores em cada etapa do servi\u00e7o. Colaboradores capacitados e treinados que exercem suas responsabilidades, proporcionando um atendimento exclusivo e personalizado aos nossos clientes.<\/p>\n<p>Nossa equipe \u00e9 formada por profissionais competentes, qualificados e treinados contribuindo constantemente para o crescimento e fortalecimento de um atendimento eficiente e consciente.<\/p>\n<h4>Nossos diferenciais<\/h4>\n<p>Respeitamos as caracter\u00edsticas e concep\u00e7\u00e3o de cada empreendimento, prestando um atendimento diferenciando para cada tipo de condom\u00ednio, oferecendo um conjunto de solu\u00e7\u00f5es para atender todas as necessidades nas \u00e1reas financeiras, fiscais, trabalhistas, legal, operacional e relacionamento possibilitando uma administra\u00e7\u00e3o completa e estruturada ao cliente.<\/p>\n<h4>Nossa Miss\u00e3o<\/h4>\n<p>Ter uma atitude pr\u00f3 ativa em cada etapa que envolve o processo administrativo, desenvolvendo produtos e servi\u00e7os de alta qualidade, inova\u00e7\u00e3o tecnol\u00f3gica, atuando com transpar\u00eancia e fortalecendo a confian\u00e7a de nossos clientes e colaboradores, marcando cada vez mais nossa presen\u00e7a, inovando e diversificado nossos produtos e servi\u00e7os. Proporcionando desenvolvimento de compet\u00eancias e qualidade.<\/p>\n<h4>Nossa Vis\u00e3o<\/h4>\n<p>Objetivamos estar presente no mercado de administra\u00e7\u00e3o condominial como uma organiza\u00e7\u00e3o que da espa\u00e7o para as pessoas que colaboram para o seu desenvolvimento, para sermos uma empresa que melhore continuamente. Assegurando a principal import\u00e2ncia a gera\u00e7\u00e3o de produtos e servi\u00e7os de qualidade.<\/p>\n<p>Sermos reconhecidos como uma organiza\u00e7\u00e3o excepcional, que da valor aos seus clientes, colaboradores, s\u00f3cios e a comunidade.<\/p>\n<h4>Nossos Valores<\/h4>\n<p>-Excel\u00eancia<br \/>\n-Confian\u00e7a<br \/>\n-Compromisso<br \/>\n-Honestidade<br \/>\n-Respeito<br \/>\n-Responsabilidade<br \/>\n-Flexibilidade[\/vc_column_text][\/vc_column][\/vc_row]<\/p>\n<\/section>","protected":false},"excerpt":{"rendered":"<p>[vc_row][vc_column][vc_column_text] Sobre a Speciale Speciale Condom\u00ednios, uma empresa idealizada para atender a necessidade do mercado condominial, de forma transparente e com a m\u00e1xima seguran\u00e7a, atrav\u00e9s de uma evolu\u00e7\u00e3o continua de nossos produtos, servi\u00e7os e colaboradores, formou-se uma organiza\u00e7\u00e3o altamente competitiva e comprometida com o desenvolvimento de compet\u00eancias e qualidade, gerando um atendimento personalizado e um&hellip;<\/p>\n","protected":false},"author":2,"featured_media":0,"parent":0,"menu_order":0,"comment_status":"closed","ping_status":"closed","template":"template-microsite.php","meta":[],"_links":{"self":[{"href":"https:\/\/specialeimoveis.com.br\/index.php\/wp-json\/wp\/v2\/pages\/18"}],"collection":[{"href":"https:\/\/specialeimoveis.com.br\/index.php\/wp-json\/wp\/v2\/pages"}],"about":[{"href":"https:\/\/specialeimoveis.com.br\/index.php\/wp-json\/wp\/v2\/types\/page"}],"author":[{"embeddable":true,"href":"https:\/\/specialeimoveis.com.br\/index.php\/wp-json\/wp\/v2\/users\/2"}],"replies":[{"embeddable":true,"href":"https:\/\/specialeimoveis.com.br\/index.php\/wp-json\/wp\/v2\/comments?post=18"}],"version-history":[{"count":5,"href":"https:\/\/specialeimoveis.com.br\/index.php\/wp-json\/wp\/v2\/pages\/18\/revisions"}],"predecessor-version":[{"id":190,"href":"https:\/\/specialeimoveis.com.br\/index.php\/wp-json\/wp\/v2\/pages\/18\/revisions\/190"}],"wp:attachment":[{"href":"https:\/\/specialeimoveis.com.br\/index.php\/wp-json\/wp\/v2\/media?parent=18"}],"curies":[{"name":"wp","href":"https:\/\/api.w.org\/{rel}","templated":true}]}}